{"id":7,"date":"2025-09-08T18:00:39","date_gmt":"2025-09-08T18:00:39","guid":{"rendered":"http:\/\/acoeurlamhotte.fr\/?page_id=7"},"modified":"2026-04-27T13:50:48","modified_gmt":"2026-04-27T13:50:48","slug":"7-2","status":"publish","type":"page","link":"http:\/\/acoeurlamhotte.fr\/","title":{"rendered":""},"content":{"rendered":"\n<div class=\"wp-block-group alignfull is-layout-flow wp-container-core-group-is-layout-f9cb6abc wp-block-group-is-layout-flow\" style=\"margin-top:0;margin-bottom:0\">\n<div class=\"wp-block-columns alignfull is-not-stacked-on-mobile is-layout-flex wp-container-core-columns-is-layout-e154fb6a wp-block-columns-is-layout-flex\" style=\"margin-top:0;margin-bottom:0;padding-top:var(--wp--preset--spacing--40);padding-right:var(--wp--preset--spacing--40);padding-bottom:var(--wp--preset--spacing--80);padding-left:var(--wp--preset--spacing--40)\">\n<div class=\"wp-block-column is-layout-flow wp-block-column-is-layout-flow\" style=\"flex-basis:66.66%\">\n<div class=\"wp-block-group is-vertical is-content-justification-stretch is-layout-flex wp-container-core-group-is-layout-7e003bba wp-block-group-is-layout-flex\">\n<p class=\"has-text-align-center\"><\/p>\n\n\n\n<figure class=\"wp-block-image size-full\"><img loading=\"lazy\" decoding=\"async\" width=\"684\" height=\"329\" src=\"http:\/\/acoeurlamhotte.fr\/wp-content\/uploads\/2025\/09\/Acoeur_logo-pourfondsombre-1.jpg\" alt=\"\" class=\"wp-image-13\" srcset=\"http:\/\/acoeurlamhotte.fr\/wp-content\/uploads\/2025\/09\/Acoeur_logo-pourfondsombre-1.jpg 684w, http:\/\/acoeurlamhotte.fr\/wp-content\/uploads\/2025\/09\/Acoeur_logo-pourfondsombre-1-300x144.jpg 300w\" sizes=\"auto, (max-width: 684px) 100vw, 684px\" \/><\/figure>\n\n\n\n<p><\/p>\n\n\n\n<p><\/p>\n\n\n\n<p><\/p>\n\n\n\n<h2 class=\"wp-block-heading has-text-align-left has-large-font-size\"><strong>Depuis des d\u00e9cennies, l\u2019association Acoeur cultive un lien proche et intime avec l\u2019\u00e9cole Waldorf de la Mhotte. Ce lien a pris des formes diff\u00e9rentes au cours du temps, tout en gardant l&#8217;esprit et les valeurs de cette p\u00e9dagogie.<\/strong><\/h2>\n<\/div>\n\n\n\n<p>Aujourd\u2019hui, Acoeur se mobilise autour du projet d\u2019habitations participatif et solidaire au c\u0153ur de la nature. Les habitants s\u2019engagent dans la r\u00e9alisation et la gestion de leur lieu de vie et ont \u00e0 coeur de soigner le Vivre Ensemble en cultivant la simplicit\u00e9 et la fraternit\u00e9. Acoeur fait partie du r\u00e9seau Habitat Participatif France.<\/p>\n\n\n\n<p><\/p>\n\n\n\n<div class=\"wp-block-group is-vertical is-content-justification-stretch is-layout-flex wp-container-core-group-is-layout-7e003bba wp-block-group-is-layout-flex\">\n<p class=\"has-text-align-center\"><\/p>\n<\/div>\n\n\n\n<figure class=\"wp-block-image aligncenter size-large\"><img loading=\"lazy\" decoding=\"async\" width=\"1024\" height=\"724\" src=\"http:\/\/acoeurlamhotte.fr\/wp-content\/uploads\/2025\/09\/2-1-1024x724.jpg\" alt=\"\" class=\"wp-image-14\" srcset=\"http:\/\/acoeurlamhotte.fr\/wp-content\/uploads\/2025\/09\/2-1-1024x724.jpg 1024w, http:\/\/acoeurlamhotte.fr\/wp-content\/uploads\/2025\/09\/2-1-300x212.jpg 300w, http:\/\/acoeurlamhotte.fr\/wp-content\/uploads\/2025\/09\/2-1-768x543.jpg 768w, http:\/\/acoeurlamhotte.fr\/wp-content\/uploads\/2025\/09\/2-1-1536x1086.jpg 1536w, http:\/\/acoeurlamhotte.fr\/wp-content\/uploads\/2025\/09\/2-1.jpg 2000w\" sizes=\"auto, (max-width: 1024px) 100vw, 1024px\" \/><\/figure>\n\n\n\n<div class=\"wp-block-group is-vertical is-content-justification-stretch is-layout-flex wp-container-core-group-is-layout-7e003bba wp-block-group-is-layout-flex\"><\/div>\n\n\n\n<p class=\"has-text-align-left\">Nous contacter:<\/p>\n\n\n\n<p>Association Acoeur<br>Ch\u00e2teau de la Mhotte<br>03210 Saint-Menoux<\/p>\n\n\n\n<p>Mail: <a href=\"mailto:contact@acoeurlamhotte.fr\">contact@acoeurlamhotte.fr<\/a><br><\/p>\n\n\n\n<p><\/p>\n<\/div>\n\n\n\n<div class=\"wp-block-column is-layout-flow wp-block-column-is-layout-flow\" style=\"flex-basis:12vw\"><\/div>\n\n\n\n<div class=\"wp-block-column is-layout-flow wp-block-column-is-layout-flow\">\n<div class=\"wp-block-group is-content-justification-right is-nowrap is-layout-flex wp-container-core-group-is-layout-17124a9a wp-block-group-is-layout-flex\">\n<p><\/p>\n<\/div>\n<\/div>\n<\/div>\n\n\n\n<div class=\"wp-block-columns alignfull is-style-section-2 is-layout-flex wp-container-core-columns-is-layout-d9884270 wp-block-columns-is-layout-flex is-style-section-2--1\" style=\"padding-top:0;padding-bottom:0\"><\/div>\n<\/div>\n\n\n\n<p><\/p>\n","protected":false},"excerpt":{"rendered":"<p>Depuis des d\u00e9cennies, l\u2019association Acoeur cultive un lien proche et intime avec l\u2019\u00e9cole Waldorf de la Mhotte. Ce lien a pris des formes diff\u00e9rentes au cours du temps, tout en gardant l&#8217;esprit et les valeurs de cette p\u00e9dagogie. Aujourd\u2019hui, Acoeur se mobilise autour du projet d\u2019habitations participatif et solidaire au c\u0153ur de la nature. Les [&hellip;]<\/p>\n","protected":false},"author":1,"featured_media":0,"parent":0,"menu_order":0,"comment_status":"closed","ping_status":"closed","template":"","meta":{"footnotes":""},"class_list":["post-7","page","type-page","status-publish","hentry"],"_links":{"self":[{"href":"http:\/\/acoeurlamhotte.fr\/index.php?rest_route=\/wp\/v2\/pages\/7","targetHints":{"allow":["GET"]}}],"collection":[{"href":"http:\/\/acoeurlamhotte.fr\/index.php?rest_route=\/wp\/v2\/pages"}],"about":[{"href":"http:\/\/acoeurlamhotte.fr\/index.php?rest_route=\/wp\/v2\/types\/page"}],"author":[{"embeddable":true,"href":"http:\/\/acoeurlamhotte.fr\/index.php?rest_route=\/wp\/v2\/users\/1"}],"replies":[{"embeddable":true,"href":"http:\/\/acoeurlamhotte.fr\/index.php?rest_route=%2Fwp%2Fv2%2Fcomments&post=7"}],"version-history":[{"count":12,"href":"http:\/\/acoeurlamhotte.fr\/index.php?rest_route=\/wp\/v2\/pages\/7\/revisions"}],"predecessor-version":[{"id":26,"href":"http:\/\/acoeurlamhotte.fr\/index.php?rest_route=\/wp\/v2\/pages\/7\/revisions\/26"}],"wp:attachment":[{"href":"http:\/\/acoeurlamhotte.fr\/index.php?rest_route=%2Fwp%2Fv2%2Fmedia&parent=7"}],"curies":[{"name":"wp","href":"https:\/\/api.w.org\/{rel}","templated":true}]}}

<div class="wp-block-group alignfull is-layout-flow wp-container-core-group-is-layout-f9cb6abc wp-block-group-is-layout-flow" style="margin-top:0;margin-bottom:0">
<div class="wp-block-columns alignfull is-not-stacked-on-mobile is-layout-flex wp-container-core-columns-is-layout-e154fb6a wp-block-columns-is-layout-flex" style="margin-top:0;margin-bottom:0;padding-top:var(--wp--preset--spacing--40);padding-right:var(--wp--preset--spacing--40);padding-bottom:var(--wp--preset--spacing--80);padding-left:var(--wp--preset--spacing--40)">
<div class="wp-block-column is-layout-flow wp-block-column-is-layout-flow" style="flex-basis:66.66%">
<div class="wp-block-group is-vertical is-content-justification-stretch is-layout-flex wp-container-core-group-is-layout-7e003bba wp-block-group-is-layout-flex">
<p class="has-text-align-center"></p>



<figure class="wp-block-image size-full"><img loading="lazy" decoding="async" width="684" height="329" src="http://acoeurlamhotte.fr/wp-content/uploads/2025/09/Acoeur_logo-pourfondsombre-1.jpg" alt="" class="wp-image-13" srcset="http://acoeurlamhotte.fr/wp-content/uploads/2025/09/Acoeur_logo-pourfondsombre-1.jpg 684w, http://acoeurlamhotte.fr/wp-content/uploads/2025/09/Acoeur_logo-pourfondsombre-1-300x144.jpg 300w" sizes="auto, (max-width: 684px) 100vw, 684px" /></figure>



<p></p>



<p></p>



<p></p>



<h2 class="wp-block-heading has-text-align-left has-large-font-size"><strong>Depuis des décennies, l’association Acoeur cultive un lien proche et intime avec l’école Waldorf de la Mhotte. Ce lien a pris des formes différentes au cours du temps, tout en gardant l&#8217;esprit et les valeurs de cette pédagogie.</strong></h2>
</div>



<p>Aujourd’hui, Acoeur se mobilise autour du projet d’habitations participatif et solidaire au cœur de la nature. Les habitants s’engagent dans la réalisation et la gestion de leur lieu de vie et ont à coeur de soigner le Vivre Ensemble en cultivant la simplicité et la fraternité. Acoeur fait partie du réseau Habitat Participatif France.</p>



<p></p>



<div class="wp-block-group is-vertical is-content-justification-stretch is-layout-flex wp-container-core-group-is-layout-7e003bba wp-block-group-is-layout-flex">
<p class="has-text-align-center"></p>
</div>



<figure class="wp-block-image aligncenter size-large"><img loading="lazy" decoding="async" width="1024" height="724" src="http://acoeurlamhotte.fr/wp-content/uploads/2025/09/2-1-1024x724.jpg" alt="" class="wp-image-14" srcset="http://acoeurlamhotte.fr/wp-content/uploads/2025/09/2-1-1024x724.jpg 1024w, http://acoeurlamhotte.fr/wp-content/uploads/2025/09/2-1-300x212.jpg 300w, http://acoeurlamhotte.fr/wp-content/uploads/2025/09/2-1-768x543.jpg 768w, http://acoeurlamhotte.fr/wp-content/uploads/2025/09/2-1-1536x1086.jpg 1536w, http://acoeurlamhotte.fr/wp-content/uploads/2025/09/2-1.jpg 2000w" sizes="auto, (max-width: 1024px) 100vw, 1024px" /></figure>



<div class="wp-block-group is-vertical is-content-justification-stretch is-layout-flex wp-container-core-group-is-layout-7e003bba wp-block-group-is-layout-flex"></div>



<p class="has-text-align-left">Nous contacter:</p>



<p>Association Acoeur<br>Château de la Mhotte<br>03210 Saint-Menoux</p>



<p>Mail: <a href="mailto:contact@acoeurlamhotte.fr">contact@acoeurlamhotte.fr</a><br></p>



<p></p>
</div>



<div class="wp-block-column is-layout-flow wp-block-column-is-layout-flow" style="flex-basis:12vw"></div>



<div class="wp-block-column is-layout-flow wp-block-column-is-layout-flow">
<div class="wp-block-group is-content-justification-right is-nowrap is-layout-flex wp-container-core-group-is-layout-17124a9a wp-block-group-is-layout-flex">
<p></p>
</div>
</div>
</div>



<div class="wp-block-columns alignfull is-style-section-2 is-layout-flex wp-container-core-columns-is-layout-d9884270 wp-block-columns-is-layout-flex is-style-section-2--1" style="padding-top:0;padding-bottom:0"></div>
</div>



<p></p>

<p>Depuis des décennies, l’association Acoeur cultive un lien proche et intime avec l’école Waldorf de la Mhotte. Ce lien a pris des formes différentes au cours du temps, tout en gardant l&#8217;esprit et les valeurs de cette pédagogie. Aujourd’hui, Acoeur se mobilise autour du projet d’habitations participatif et solidaire au cœur de la nature. Les [&hellip;]</p>
